{"id":2169,"date":"2021-05-26T15:22:55","date_gmt":"2021-05-26T15:22:55","guid":{"rendered":"https:\/\/casa-kua.com\/?post_type=tribe_events&#038;p=2169"},"modified":"2021-05-26T15:22:55","modified_gmt":"2021-05-26T15:22:55","slug":"queer-empowerment-days-countryside-movement-rest-retreat-days-for-qtibipoc","status":"publish","type":"tribe_events","link":"https:\/\/casa-kua.com\/de\/event\/queer-empowerment-days-countryside-movement-rest-retreat-days-for-qtibipoc\/","title":{"rendered":"Queer Empowerment days: countryside Movement &#038; Rest: Retreat days for QTIBIPOC"},"content":{"rendered":"<p>(DE weiter unten)<\/p>\n<p>This space is a dedicated space for people who identify as: Queer\/Inter*\/Trans or non Binary AND Black\/Indigineous or People of Color.<br data-rich-text-line-break=\"true\" \/>We\u00a0 want to create a space that centers connection, rest and empowerment, in the outskirts of city life.\u00a0 During this time away we would like to co-create a space of uniqueness and connected ness, with moments that can be done with the whole group or a few people.\u00a0 The programme will include forms of movement based practises, meditative practices, herbal and plant based research, and moments to pause.\u00a0<br data-rich-text-line-break=\"true\" \/>We will offer a catered vegan lunch and dinner by Rosa Negra and a self service Breakfast.\u00a0 The space we are located in is Quecke and is wheelchair accessible and there are possibilities to be in 2-3-4 ppl shared rooms or camp in the grounds. Covid-19 safety measures will be applied and we invite you all to respect the shared guidelines.\u00a0<br data-rich-text-line-break=\"true\" \/><br data-rich-text-line-break=\"true\" \/><br data-rich-text-line-break=\"true\" \/><strong>***Important Info*** <\/strong><br data-rich-text-line-break=\"true\" \/>Registration via: <strong>veranstaltungen@lesmigras.de\u00a0<\/strong><br data-rich-text-line-break=\"true\" \/>Registration by June 11th Notification sent by June 16th<br data-rich-text-line-break=\"true\" \/>Including:\u00a0 \u00a0<br data-rich-text-line-break=\"true\" \/>Name,\u00a0 \u00a0<br data-rich-text-line-break=\"true\" \/>How you position e.g Black, PoC, Indigenous, etc,\u00a0<br data-rich-text-line-break=\"true\" \/>Language needs, \u00a0<br data-rich-text-line-break=\"true\" \/>Accessibility needs, <br data-rich-text-line-break=\"true\" \/>Please let us know if you have \u00a0Food allergies<br data-rich-text-line-break=\"true\" \/><br data-rich-text-line-break=\"true\" \/>Spaces are limited to 25 people as we would like to keep the group small A participation fee of 10 to 30 euros is to be paid to Casa Ku\u00e0 before the event. You can decide for yourself how much you can contribute.\u00a0\u00a0 We kindly ask you to inform us beforehand if you, for any reason, can&#8217;t join the retreat. This would allow us a better planning process and will allow other people to use the space.\u00a0 The communication will be mainly in english and german. Because of capacity limitations we can&#8217;t provide external interpreters. Translation will be organised as a shared task within the space. Many of the facilitators and organisers speak different languages (spanish, french, arabic..). Do not forget to mention your language needs in the form so we can organise support.\u00a0 Some tasks are to be shared within the group ( tidying up, washing the dishes, etc..). You can sign up for that upon arrival. We will provide Covid-19 measures also for these tasks.\u00a0<br data-rich-text-line-break=\"true\" \/>Attendance is based on a negative Covid test.<br data-rich-text-line-break=\"true\" \/><br data-rich-text-line-break=\"true\" \/>The retreat is organised by Casa Ku\u00e0 and LesMigraS.\u00a0<br data-rich-text-line-break=\"true\" \/>The <strong>Casa Ku\u00e0 initiative<\/strong> is a self organized Trans* Inter* Queer community &amp; healthcenter centering BIPOC voices and experiences.<br data-rich-text-line-break=\"true\" \/><strong>LesMigraS<\/strong> is engaged in antidiscrimination and antiviolence work, offers counselling and a space for self empowerment for Racialised and marginalised LGBTIQ+ people.<\/p>\n<p>&nbsp;<\/p>\n<p>&nbsp;<\/p>\n<p>&nbsp;<\/p>\n<p>(DE)<\/p>\n<p><strong data-rich-text-format-boundary=\"true\">Queer Empowerment &amp; Retreat-Tage f\u00fcr QTIBIPOC<br \/>\nvom 07. bis 11. Juli in der Quecke, Brandenburg<\/strong><\/p>\n<p>&nbsp;<\/p>\n<p>Dieser Raum ist ein Ort f\u00fcr Menschen, die sich identifizieren als: <br data-rich-text-line-break=\"true\" \/>Queer\/Inter*\/Trans oder nicht-bin\u00e4r UND Schwarz\/Indigineous oder Personen of Color.<br data-rich-text-line-break=\"true\" \/><br data-rich-text-line-break=\"true\" \/>Wir wollen einen Raum schaffen, der den Fokus auf Verbindungen, Erholung und Empowerment legt, am Rande des Stadtlebens.\u00a0<br data-rich-text-line-break=\"true\" \/>W\u00e4hrend dieser Auszeit m\u00f6chten wir einen Raum der Einzigartigkeit und Verbundenheit mitgestalten, mit Momenten, die mit der ganzen Gruppe oder einigen weniger Personen geteilt werden k\u00f6nnen.\u00a0<br data-rich-text-line-break=\"true\" \/>Das Programm wird Formen von K\u00f6rper- und Bewegungs\u00fcbungen, meditative Methoden, pflanzliche Arbeit und Momente zum Atemholen bieten.\u00a0<br data-rich-text-line-break=\"true\" \/><br data-rich-text-line-break=\"true\" \/>Wir werden ein veganes Mittag- und Abendessen von Rosa Negra und ein Fr\u00fchst\u00fcck zur Selbstbedienung anbieten.\u00a0<br data-rich-text-line-break=\"true\" \/>Der Ort, an dem es stattfinden wird, die Quecke, ist rollstuhlgerecht und es gibt die M\u00f6glichkeit, in Mehrbettzimmern f\u00fcr 2-3-4 Personen zu \u00fcbernachten oder auf dem Gel\u00e4nde zu zelten.<br data-rich-text-line-break=\"true\" \/><br data-rich-text-line-break=\"true\" \/>Covid-19 Sicherheitsma\u00dfnahmen werden angewendet und wir laden alle ein, die gemeinsamen Richtlinien zu respektieren.\u00a0<br data-rich-text-line-break=\"true\" \/><br data-rich-text-line-break=\"true\" \/><strong>***Wichtige Infos***<\/strong><br data-rich-text-line-break=\"true\" \/>Anmeldung \u00fcber: veranstaltungen@lesmigras.de\u00a0<br data-rich-text-line-break=\"true\" \/><em>Angaben:<\/em>\u00a0<br data-rich-text-line-break=\"true\" \/>Name,\u00a0<br data-rich-text-line-break=\"true\" \/>Wie Sie sich positionieren, z.B. Schwarz, PoC, Indigene, etc,\u00a0<br data-rich-text-line-break=\"true\" \/>Sprachliche Bed\u00fcrfnisse,<br data-rich-text-line-break=\"true\" \/>Zug\u00e4nglichkeitsbed\u00fcrfnisse, <br data-rich-text-line-break=\"true\" \/>Bitte teile uns mit falls du Lebensmittelallergien hast <br data-rich-text-line-break=\"true\" \/><br data-rich-text-line-break=\"true\" \/><br data-rich-text-line-break=\"true\" \/>Die Pl\u00e4tze sind auf 25 Personen begrenzt, da wir die Gruppe klein halten m\u00f6chten<br data-rich-text-line-break=\"true\" \/>Eine Teilnahmegeb\u00fchr von 10 bis 30 Euro ist vor der Veranstaltung an Casa Ku\u00e0 zu entrichten. Du kannst selbst entscheiden, wie viel du beitragen kannst. \u00a0<br data-rich-text-line-break=\"true\" \/>Wir bitten dich, uns im Vorfeld zu informieren, wenn du aus irgendeinem Grund nicht an dem Retreat teilnehmen kannst. Dies w\u00fcrde uns eine bessere Planung erm\u00f6glichen und erlaubt anderen Personen, den Raum zu nutzen.\u00a0<br data-rich-text-line-break=\"true\" \/>Die Kommunikation wird haupts\u00e4chlich in Deutsch und Englisch erfolgen. Aus Kapazit\u00e4tsgr\u00fcnden k\u00f6nnen wir keine externen Dolmetscher:in zur Verf\u00fcgung stellen. Die \u00dcbersetzung wird als gemeinsame Aufgabe innerhalb des Raumes organisiert. Viele der Moderator:Innen und Organisator:Innen sprechen verschiedene Sprachen (spanisch, franz\u00f6sisch, arabisch..). Vergiss nicht, deinen Sprachbedarf in der email zu erw\u00e4hnen, damit wir Unterst\u00fctzung organisieren k\u00f6nnen.\u00a0<br data-rich-text-line-break=\"true\" \/>Einige Aufgaben m\u00fcssen innerhalb der Gruppe geteilt werden (Aufr\u00e4umen, Abwaschen, etc.). Daf\u00fcr kannst du dich bei der Ankunft eintragen. Wir werden auch f\u00fcr diese Aufgaben Covid-19-Ma\u00dfnahmen anbieten.\u00a0<br data-rich-text-line-break=\"true\" \/>Ein negativer Covid-Test ist die Vorbedingung f\u00fcr die Teilnahme.<\/p>","protected":false},"excerpt":{"rendered":"<p>(DE weiter unten) This space is a dedicated space for people who identify as: Queer\/Inter*\/Trans or non Binary AND Black\/Indigineous or People of Color.We\u00a0 want to create a space that [&hellip;]<\/p>\n","protected":false},"author":2,"featured_media":0,"template":"","meta":{"_acf_changed":false,"nf_dc_page":"","_monsterinsights_skip_tracking":false,"_monsterinsights_sitenote_active":false,"_monsterinsights_sitenote_note":"","_monsterinsights_sitenote_category":0,"_tribe_events_status":"","_tribe_events_status_reason":"","footnotes":""},"tags":[],"tribe_events_cat":[],"class_list":["post-2169","tribe_events","type-tribe_events","status-publish","hentry"],"acf":[],"jetpack_sharing_enabled":true,"_links":{"self":[{"href":"https:\/\/casa-kua.com\/de\/wp-json\/wp\/v2\/tribe_events\/2169","targetHints":{"allow":["GET"]}}],"collection":[{"href":"https:\/\/casa-kua.com\/de\/wp-json\/wp\/v2\/tribe_events"}],"about":[{"href":"https:\/\/casa-kua.com\/de\/wp-json\/wp\/v2\/types\/tribe_events"}],"author":[{"embeddable":true,"href":"https:\/\/casa-kua.com\/de\/wp-json\/wp\/v2\/users\/2"}],"version-history":[{"count":1,"href":"https:\/\/casa-kua.com\/de\/wp-json\/wp\/v2\/tribe_events\/2169\/revisions"}],"predecessor-version":[{"id":2171,"href":"https:\/\/casa-kua.com\/de\/wp-json\/wp\/v2\/tribe_events\/2169\/revisions\/2171"}],"wp:attachment":[{"href":"https:\/\/casa-kua.com\/de\/wp-json\/wp\/v2\/media?parent=2169"}],"wp:term":[{"taxonomy":"post_tag","embeddable":true,"href":"https:\/\/casa-kua.com\/de\/wp-json\/wp\/v2\/tags?post=2169"},{"taxonomy":"tribe_events_cat","embeddable":true,"href":"https:\/\/casa-kua.com\/de\/wp-json\/wp\/v2\/tribe_events_cat?post=2169"}],"curies":[{"name":"wp","href":"https:\/\/api.w.org\/{rel}","templated":true}]}}

<p>(DE weiter unten)</p>
<p>This space is a dedicated space for people who identify as: Queer/Inter*/Trans or non Binary AND Black/Indigineous or People of Color.<br data-rich-text-line-break="true" />We  want to create a space that centers connection, rest and empowerment, in the outskirts of city life.  During this time away we would like to co-create a space of uniqueness and connected ness, with moments that can be done with the whole group or a few people.  The programme will include forms of movement based practises, meditative practices, herbal and plant based research, and moments to pause. <br data-rich-text-line-break="true" />We will offer a catered vegan lunch and dinner by Rosa Negra and a self service Breakfast.  The space we are located in is Quecke and is wheelchair accessible and there are possibilities to be in 2-3-4 ppl shared rooms or camp in the grounds. Covid-19 safety measures will be applied and we invite you all to respect the shared guidelines. <br data-rich-text-line-break="true" /><br data-rich-text-line-break="true" /><br data-rich-text-line-break="true" /><strong>***Important Info*** </strong><br data-rich-text-line-break="true" />Registration via: <strong>veranstaltungen@lesmigras.de </strong><br data-rich-text-line-break="true" />Registration by June 11th Notification sent by June 16th<br data-rich-text-line-break="true" />Including:   <br data-rich-text-line-break="true" />Name,   <br data-rich-text-line-break="true" />How you position e.g Black, PoC, Indigenous, etc, <br data-rich-text-line-break="true" />Language needs,  <br data-rich-text-line-break="true" />Accessibility needs, <br data-rich-text-line-break="true" />Please let us know if you have  Food allergies<br data-rich-text-line-break="true" /><br data-rich-text-line-break="true" />Spaces are limited to 25 people as we would like to keep the group small A participation fee of 10 to 30 euros is to be paid to Casa Kuà before the event. You can decide for yourself how much you can contribute.   We kindly ask you to inform us beforehand if you, for any reason, can&#8217;t join the retreat. This would allow us a better planning process and will allow other people to use the space.  The communication will be mainly in english and german. Because of capacity limitations we can&#8217;t provide external interpreters. Translation will be organised as a shared task within the space. Many of the facilitators and organisers speak different languages (spanish, french, arabic..). Do not forget to mention your language needs in the form so we can organise support.  Some tasks are to be shared within the group ( tidying up, washing the dishes, etc..). You can sign up for that upon arrival. We will provide Covid-19 measures also for these tasks. <br data-rich-text-line-break="true" />Attendance is based on a negative Covid test.<br data-rich-text-line-break="true" /><br data-rich-text-line-break="true" />The retreat is organised by Casa Kuà and LesMigraS. <br data-rich-text-line-break="true" />The <strong>Casa Kuà initiative</strong> is a self organized Trans* Inter* Queer community &amp; healthcenter centering BIPOC voices and experiences.<br data-rich-text-line-break="true" /><strong>LesMigraS</strong> is engaged in antidiscrimination and antiviolence work, offers counselling and a space for self empowerment for Racialised and marginalised LGBTIQ+ people.</p>
<p>&nbsp;</p>
<p>&nbsp;</p>
<p>&nbsp;</p>
<p>(DE)</p>
<p><strong data-rich-text-format-boundary="true">Queer Empowerment &amp; Retreat-Tage für QTIBIPOC<br />
vom 07. bis 11. Juli in der Quecke, Brandenburg</strong></p>
<p>&nbsp;</p>
<p>Dieser Raum ist ein Ort für Menschen, die sich identifizieren als: <br data-rich-text-line-break="true" />Queer/Inter*/Trans oder nicht-binär UND Schwarz/Indigineous oder Personen of Color.<br data-rich-text-line-break="true" /><br data-rich-text-line-break="true" />Wir wollen einen Raum schaffen, der den Fokus auf Verbindungen, Erholung und Empowerment legt, am Rande des Stadtlebens. <br data-rich-text-line-break="true" />Während dieser Auszeit möchten wir einen Raum der Einzigartigkeit und Verbundenheit mitgestalten, mit Momenten, die mit der ganzen Gruppe oder einigen weniger Personen geteilt werden können. <br data-rich-text-line-break="true" />Das Programm wird Formen von Körper- und Bewegungsübungen, meditative Methoden, pflanzliche Arbeit und Momente zum Atemholen bieten. <br data-rich-text-line-break="true" /><br data-rich-text-line-break="true" />Wir werden ein veganes Mittag- und Abendessen von Rosa Negra und ein Frühstück zur Selbstbedienung anbieten. <br data-rich-text-line-break="true" />Der Ort, an dem es stattfinden wird, die Quecke, ist rollstuhlgerecht und es gibt die Möglichkeit, in Mehrbettzimmern für 2-3-4 Personen zu übernachten oder auf dem Gelände zu zelten.<br data-rich-text-line-break="true" /><br data-rich-text-line-break="true" />Covid-19 Sicherheitsmaßnahmen werden angewendet und wir laden alle ein, die gemeinsamen Richtlinien zu respektieren. <br data-rich-text-line-break="true" /><br data-rich-text-line-break="true" /><strong>***Wichtige Infos***</strong><br data-rich-text-line-break="true" />Anmeldung über: veranstaltungen@lesmigras.de <br data-rich-text-line-break="true" /><em>Angaben:</em> <br data-rich-text-line-break="true" />Name, <br data-rich-text-line-break="true" />Wie Sie sich positionieren, z.B. Schwarz, PoC, Indigene, etc, <br data-rich-text-line-break="true" />Sprachliche Bedürfnisse,<br data-rich-text-line-break="true" />Zugänglichkeitsbedürfnisse, <br data-rich-text-line-break="true" />Bitte teile uns mit falls du Lebensmittelallergien hast <br data-rich-text-line-break="true" /><br data-rich-text-line-break="true" /><br data-rich-text-line-break="true" />Die Plätze sind auf 25 Personen begrenzt, da wir die Gruppe klein halten möchten<br data-rich-text-line-break="true" />Eine Teilnahmegebühr von 10 bis 30 Euro ist vor der Veranstaltung an Casa Kuà zu entrichten. Du kannst selbst entscheiden, wie viel du beitragen kannst.  <br data-rich-text-line-break="true" />Wir bitten dich, uns im Vorfeld zu informieren, wenn du aus irgendeinem Grund nicht an dem Retreat teilnehmen kannst. Dies würde uns eine bessere Planung ermöglichen und erlaubt anderen Personen, den Raum zu nutzen. <br data-rich-text-line-break="true" />Die Kommunikation wird hauptsächlich in Deutsch und Englisch erfolgen. Aus Kapazitätsgründen können wir keine externen Dolmetscher:in zur Verfügung stellen. Die Übersetzung wird als gemeinsame Aufgabe innerhalb des Raumes organisiert. Viele der Moderator:Innen und Organisator:Innen sprechen verschiedene Sprachen (spanisch, französisch, arabisch..). Vergiss nicht, deinen Sprachbedarf in der email zu erwähnen, damit wir Unterstützung organisieren können. <br data-rich-text-line-break="true" />Einige Aufgaben müssen innerhalb der Gruppe geteilt werden (Aufräumen, Abwaschen, etc.). Dafür kannst du dich bei der Ankunft eintragen. Wir werden auch für diese Aufgaben Covid-19-Maßnahmen anbieten. <br data-rich-text-line-break="true" />Ein negativer Covid-Test ist die Vorbedingung für die Teilnahme.</p>
