{"id":2541,"date":"2021-11-14T21:22:39","date_gmt":"2021-11-14T21:22:39","guid":{"rendered":"https:\/\/casa-kua.com\/?post_type=tribe_events&#038;p=2541"},"modified":"2021-11-14T21:27:27","modified_gmt":"2021-11-14T21:27:27","slug":"booklet-release-inter-perspektiven","status":"publish","type":"tribe_events","link":"https:\/\/casa-kua.com\/de\/event\/booklet-release-inter-perspektiven\/","title":{"rendered":"Booklet Release: Inter* Perspektiven"},"content":{"rendered":"<figure id=\"attachment_2542\" aria-describedby=\"caption-attachment-2542\" style=\"width: 632px\" class=\"wp-caption alignnone\"><img data-recalc-dims=\"1\" loading=\"lazy\" decoding=\"async\" class=\"size-full wp-image-2542\" src=\"https:\/\/i0.wp.com\/casa-kua.com\/wp-content\/uploads\/2021\/11\/photo_2021-11-14_22-20-29.jpg?resize=632%2C645&#038;ssl=1\" alt=\"\" width=\"632\" height=\"645\" srcset=\"https:\/\/i0.wp.com\/casa-kua.com\/wp-content\/uploads\/2021\/11\/photo_2021-11-14_22-20-29.jpg?w=632&amp;ssl=1 632w, https:\/\/i0.wp.com\/casa-kua.com\/wp-content\/uploads\/2021\/11\/photo_2021-11-14_22-20-29.jpg?resize=294%2C300&amp;ssl=1 294w, https:\/\/i0.wp.com\/casa-kua.com\/wp-content\/uploads\/2021\/11\/photo_2021-11-14_22-20-29.jpg?resize=12%2C12&amp;ssl=1 12w\" sizes=\"auto, (max-width: 632px) 100vw, 632px\" \/><figcaption id=\"caption-attachment-2542\" class=\"wp-caption-text\">https:\/\/www.instagram.com\/nuabaaprint\/<br \/>credit for the image<\/figcaption><\/figure>\n<p>Deutsch:<br \/>\n<strong>Booklet Release: Inter* Perspektiven<\/strong><\/p>\n<p>Unser neues Booklet &#8220;Inter* Perspektiven&#8221; erscheint &amp; zu diesem Anlass wollen wir euch einladen, bei unserem Booklet Release ein paar dieser Perspektiven kennen zu lernen.<\/p>\n<p>Inter* Lebenrealit\u00e4ten und selbstbestimmt erz\u00e4hlte Geschichten bleiben oft un_sichtbar. Mit unserem Booklet haben wir einige Perspektiven, W\u00fcnschen, aber auch Allt\u00e4gliches gesammelt und geb\u00fcndelt. Die Autor:innen der Beitr\u00e4ge sind inter* Personen, die Rassismus und intersektionale Diskriminierungsformen in einer wei\u00dfen Mehrheitsgesellschaft erfahren. Au\u00dferdem gibt es Beitr\u00e4ge wei\u00dfer inter* Personen.<\/p>\n<p>Zu diesem Anlass wollen wir unser Booklet mit euch lesen, von den Autor:innen h\u00f6ren &amp; inter* Vielfalt feiern!<\/p>\n<p>Wir laden euch herzlich dazu ein, bei unserem kleinem Programm dabei zu sein:<\/p>\n<p><strong>Wer sind Wir?<\/strong><\/p>\n<p>Organisiert wird die Veranstaltung vom Team inter* der Fachstelle Trans*Inter*Nicht-Bin\u00e4r bei TransInterQueer e.V. Aktuell besteht unser Team aus einer Schwarzen inter* Person und zwei wei\u00dfen inter* Personen.<\/p>\n<p><strong>Wann?<\/strong><br \/>\nDonnerstag, 02.12.2021<br \/>\num 19:00 Uhr, wir haben ca. 90 Minuten Programm geplant.<\/p>\n<p><strong>F\u00fcr Wen?<\/strong><br \/>\nDie Veranstaltung richtet sich vor allem an inter* Personen, BIPoCs, trans, nicht-bin\u00e4re und queere Personen, und deren Freund:innen.<\/p>\n<p><strong>Was meinen wir mit inter* ?<\/strong><br \/>\nMenschen, deren Variationen der Geschlechtsmerkmale nicht den g\u00e4ngigen Vorstellungen eines \u201eweiblichen&#8221; oder \u201em\u00e4nnlichen&#8221; K\u00f6rpers entsprechen.<\/p>\n<p><strong>Wo?<\/strong><br \/>\nCasa K\u00faa<br \/>\nNaunynstr. 72<br \/>\n10997 Berlin<\/p>\n<p><strong>Wie?<\/strong><br \/>\nAnmeldung per Email unter inter@transinterqueer.org mit Betreff \u201eBooklet Release&#8221;.<br \/>\nDie Anzahl der Teilnehmer_innen ist leider begrenzt, darum bitten wir um verbindliche Anmeldung.<\/p>\n<p><strong>Sprache<\/strong>: Manche Beitr\u00e4ge im Booklet sind auf Deutsch verfasst, andere auf Englisch. Die Veranstaltung findet in deutscher Lautsprache statt und es gibt \u00dcbersetzung auf englische Lautsprache.<\/p>\n<p><strong>Kosten<\/strong>: Die Teilnahme an der Veranstaltung ist kostenlos.<\/p>\n<p><strong>R\u00e4ume<\/strong>: Die R\u00e4ume (inkl. Toiletten) sind f\u00fcr Rollst\u00fchle nicht zug\u00e4nglich. Die R\u00e4ume befinden sich im Hochpaterre und sind \u00fcber 10 Treppenstufen erreichbar.<\/p>\n<p><strong>Corona-Ma\u00dfnahmen<\/strong>:<br \/>\nWir bitte alle (egal ob geimpft oder genesen), sich am Tag der Veranstaltung (selbst) zu testen. Es wird eine kleine Anzahl an Schnelltests vor Ort geben, f\u00fcr jene, die keine andere Testm\u00f6glichkeit haben.<br \/>\nWir bitten euch Masken zu tragen, wenn ihr k\u00f6nnt.<\/p>\n<p>Fragen zur Zug\u00e4nglichkeit, gerne per Email an inter@transinterqueer.org oder unter 01788059389.<\/p>\n<p>Sollte die Veranstaltung nicht stattfinden k\u00f6nnen, informieren wir sobald wir Bescheid wissen.<\/p>\n<p>Wir freuen uns auf Eure Anmeldungen!<\/p>\n<p>&nbsp;<\/p>\n<p>English:<\/p>\n<p><strong>Booklet Release: Inter* Perspectives<\/strong><\/p>\n<p>Our new Booklet &#8220;Inter* Perspectives&#8221; is out now &#8211; and we&#8217;d like to invite you to get to know some of these perspectives at out booklet release!<br \/>\nInter* realities and self-determedly told stories often remain invisible. We collected some perspectives, wishes and thoughts in our booklet. The authors are inter* individuals who experience racism and intersectional forms of discrimination in a predominantly white society. Also there&#8217;s contributions by white inter* authors.<\/p>\n<p>On this occasion we want to read our booklet with you, hear from the authors &amp; celebrate inter* diversity!<\/p>\n<p>We warmly invite you to join our little programm:<\/p>\n<p><strong>Who we are?<\/strong><br \/>\nThe event is organized by the team inter* of the &#8220;Fachstelle Trans*Inter*Nicht-Bin\u00e4r&#8221; at TransInterQueer e.V. Currently our team consists of one Black inter* Person and two white inter* Persons.<\/p>\n<p><strong>When?<\/strong><br \/>\nThursday, December 2nd, 2021<br \/>\nat 7pm, our program is scheduled for about 90min<\/p>\n<p><strong>For Whom?<\/strong><br \/>\nThe event is mainly targeted to inter* individuals, BIPoCs, trans, non-binary and queer people and their friends.<\/p>\n<p><strong>What do we mean by inter* ?<\/strong><br \/>\nIndividuals, who&#8217;s variations in sex characteristics do not meet normative conceptions of &#8220;female&#8221; or &#8220;male&#8221; bodies.<\/p>\n<p><strong>Where?<\/strong><br \/>\nCasa K\u00faa<br \/>\nNaunynstr. 72<br \/>\n10997 Berlin<\/p>\n<p><strong>How?<\/strong><br \/>\nSign up via Email: inter@transinterqueer.org with subject \u201eBooklet Release&#8221;<br \/>\nAs unfortunately, the number of participants is restricted, we ask you to only sign up if you wanna come for sure.<\/p>\n<p><strong>Language<\/strong>: Some contributions in the booklet are written in German, others in English. The event will be held in (acoustic) German with translation to (acoustic) English.<\/p>\n<p><strong>Fees<\/strong>: Participation is free of charge.<\/p>\n<p><strong>Space<\/strong>: The Space (including bathrooms) is not accessible for wheelchars. The space is accessed via stairs (10 steps).<\/p>\n<p><strong>Covid-Measures<\/strong>:<br \/>\nWe ask you (regardless of vaccination or recovery from covid) to do a (self) test on the day of the event. We will povide a small numbe of self tests on site for those who dont have any other opportunities to get tested.<br \/>\nWe ask you to wear masks if you can.<\/p>\n<p>If you have questions about the accessability of the event, please email inter@transinterqueer.org or call 01788059389.<\/p>\n<p>In case the event has to be cancelled due to covid, we&#8217;ll let you know as soon as possible.<\/p>\n<p>Looking forward!<\/p>","protected":false},"excerpt":{"rendered":"<p>Deutsch: Booklet Release: Inter* Perspektiven Unser neues Booklet &#8220;Inter* Perspektiven&#8221; erscheint &amp; zu diesem Anlass wollen wir euch einladen, bei unserem Booklet Release ein paar dieser Perspektiven kennen zu lernen. [&hellip;]<\/p>\n","protected":false},"author":2,"featured_media":0,"template":"","meta":{"_acf_changed":false,"nf_dc_page":"","_monsterinsights_skip_tracking":false,"_monsterinsights_sitenote_active":false,"_monsterinsights_sitenote_note":"","_monsterinsights_sitenote_category":0,"_tribe_events_status":"","_tribe_events_status_reason":"","footnotes":""},"tags":[],"tribe_events_cat":[],"class_list":["post-2541","tribe_events","type-tribe_events","status-publish","hentry"],"acf":[],"jetpack_sharing_enabled":true,"_links":{"self":[{"href":"https:\/\/casa-kua.com\/de\/wp-json\/wp\/v2\/tribe_events\/2541","targetHints":{"allow":["GET"]}}],"collection":[{"href":"https:\/\/casa-kua.com\/de\/wp-json\/wp\/v2\/tribe_events"}],"about":[{"href":"https:\/\/casa-kua.com\/de\/wp-json\/wp\/v2\/types\/tribe_events"}],"author":[{"embeddable":true,"href":"https:\/\/casa-kua.com\/de\/wp-json\/wp\/v2\/users\/2"}],"version-history":[{"count":2,"href":"https:\/\/casa-kua.com\/de\/wp-json\/wp\/v2\/tribe_events\/2541\/revisions"}],"predecessor-version":[{"id":2544,"href":"https:\/\/casa-kua.com\/de\/wp-json\/wp\/v2\/tribe_events\/2541\/revisions\/2544"}],"wp:attachment":[{"href":"https:\/\/casa-kua.com\/de\/wp-json\/wp\/v2\/media?parent=2541"}],"wp:term":[{"taxonomy":"post_tag","embeddable":true,"href":"https:\/\/casa-kua.com\/de\/wp-json\/wp\/v2\/tags?post=2541"},{"taxonomy":"tribe_events_cat","embeddable":true,"href":"https:\/\/casa-kua.com\/de\/wp-json\/wp\/v2\/tribe_events_cat?post=2541"}],"curies":[{"name":"wp","href":"https:\/\/api.w.org\/{rel}","templated":true}]}}

<figure id="attachment_2542" aria-describedby="caption-attachment-2542" style="width: 632px" class="wp-caption alignnone"><img data-recalc-dims="1" loading="lazy" decoding="async" class="size-full wp-image-2542" src="https://i0.wp.com/casa-kua.com/wp-content/uploads/2021/11/photo_2021-11-14_22-20-29.jpg?resize=632%2C645&#038;ssl=1" alt="" width="632" height="645" srcset="https://i0.wp.com/casa-kua.com/wp-content/uploads/2021/11/photo_2021-11-14_22-20-29.jpg?w=632&amp;ssl=1 632w, https://i0.wp.com/casa-kua.com/wp-content/uploads/2021/11/photo_2021-11-14_22-20-29.jpg?resize=294%2C300&amp;ssl=1 294w, https://i0.wp.com/casa-kua.com/wp-content/uploads/2021/11/photo_2021-11-14_22-20-29.jpg?resize=12%2C12&amp;ssl=1 12w" sizes="auto, (max-width: 632px) 100vw, 632px" /><figcaption id="caption-attachment-2542" class="wp-caption-text">https://www.instagram.com/nuabaaprint/<br />credit for the image</figcaption></figure>
<p>Deutsch:<br />
<strong>Booklet Release: Inter* Perspektiven</strong></p>
<p>Unser neues Booklet &#8220;Inter* Perspektiven&#8221; erscheint &amp; zu diesem Anlass wollen wir euch einladen, bei unserem Booklet Release ein paar dieser Perspektiven kennen zu lernen.</p>
<p>Inter* Lebenrealitäten und selbstbestimmt erzählte Geschichten bleiben oft un_sichtbar. Mit unserem Booklet haben wir einige Perspektiven, Wünschen, aber auch Alltägliches gesammelt und gebündelt. Die Autor:innen der Beiträge sind inter* Personen, die Rassismus und intersektionale Diskriminierungsformen in einer weißen Mehrheitsgesellschaft erfahren. Außerdem gibt es Beiträge weißer inter* Personen.</p>
<p>Zu diesem Anlass wollen wir unser Booklet mit euch lesen, von den Autor:innen hören &amp; inter* Vielfalt feiern!</p>
<p>Wir laden euch herzlich dazu ein, bei unserem kleinem Programm dabei zu sein:</p>
<p><strong>Wer sind Wir?</strong></p>
<p>Organisiert wird die Veranstaltung vom Team inter* der Fachstelle Trans*Inter*Nicht-Binär bei TransInterQueer e.V. Aktuell besteht unser Team aus einer Schwarzen inter* Person und zwei weißen inter* Personen.</p>
<p><strong>Wann?</strong><br />
Donnerstag, 02.12.2021<br />
um 19:00 Uhr, wir haben ca. 90 Minuten Programm geplant.</p>
<p><strong>Für Wen?</strong><br />
Die Veranstaltung richtet sich vor allem an inter* Personen, BIPoCs, trans, nicht-binäre und queere Personen, und deren Freund:innen.</p>
<p><strong>Was meinen wir mit inter* ?</strong><br />
Menschen, deren Variationen der Geschlechtsmerkmale nicht den gängigen Vorstellungen eines „weiblichen&#8221; oder „männlichen&#8221; Körpers entsprechen.</p>
<p><strong>Wo?</strong><br />
Casa Kúa<br />
Naunynstr. 72<br />
10997 Berlin</p>
<p><strong>Wie?</strong><br />
Anmeldung per Email unter inter@transinterqueer.org mit Betreff „Booklet Release&#8221;.<br />
Die Anzahl der Teilnehmer_innen ist leider begrenzt, darum bitten wir um verbindliche Anmeldung.</p>
<p><strong>Sprache</strong>: Manche Beiträge im Booklet sind auf Deutsch verfasst, andere auf Englisch. Die Veranstaltung findet in deutscher Lautsprache statt und es gibt Übersetzung auf englische Lautsprache.</p>
<p><strong>Kosten</strong>: Die Teilnahme an der Veranstaltung ist kostenlos.</p>
<p><strong>Räume</strong>: Die Räume (inkl. Toiletten) sind für Rollstühle nicht zugänglich. Die Räume befinden sich im Hochpaterre und sind über 10 Treppenstufen erreichbar.</p>
<p><strong>Corona-Maßnahmen</strong>:<br />
Wir bitte alle (egal ob geimpft oder genesen), sich am Tag der Veranstaltung (selbst) zu testen. Es wird eine kleine Anzahl an Schnelltests vor Ort geben, für jene, die keine andere Testmöglichkeit haben.<br />
Wir bitten euch Masken zu tragen, wenn ihr könnt.</p>
<p>Fragen zur Zugänglichkeit, gerne per Email an inter@transinterqueer.org oder unter 01788059389.</p>
<p>Sollte die Veranstaltung nicht stattfinden können, informieren wir sobald wir Bescheid wissen.</p>
<p>Wir freuen uns auf Eure Anmeldungen!</p>
<p>&nbsp;</p>
<p>English:</p>
<p><strong>Booklet Release: Inter* Perspectives</strong></p>
<p>Our new Booklet &#8220;Inter* Perspectives&#8221; is out now &#8211; and we&#8217;d like to invite you to get to know some of these perspectives at out booklet release!<br />
Inter* realities and self-determedly told stories often remain invisible. We collected some perspectives, wishes and thoughts in our booklet. The authors are inter* individuals who experience racism and intersectional forms of discrimination in a predominantly white society. Also there&#8217;s contributions by white inter* authors.</p>
<p>On this occasion we want to read our booklet with you, hear from the authors &amp; celebrate inter* diversity!</p>
<p>We warmly invite you to join our little programm:</p>
<p><strong>Who we are?</strong><br />
The event is organized by the team inter* of the &#8220;Fachstelle Trans*Inter*Nicht-Binär&#8221; at TransInterQueer e.V. Currently our team consists of one Black inter* Person and two white inter* Persons.</p>
<p><strong>When?</strong><br />
Thursday, December 2nd, 2021<br />
at 7pm, our program is scheduled for about 90min</p>
<p><strong>For Whom?</strong><br />
The event is mainly targeted to inter* individuals, BIPoCs, trans, non-binary and queer people and their friends.</p>
<p><strong>What do we mean by inter* ?</strong><br />
Individuals, who&#8217;s variations in sex characteristics do not meet normative conceptions of &#8220;female&#8221; or &#8220;male&#8221; bodies.</p>
<p><strong>Where?</strong><br />
Casa Kúa<br />
Naunynstr. 72<br />
10997 Berlin</p>
<p><strong>How?</strong><br />
Sign up via Email: inter@transinterqueer.org with subject „Booklet Release&#8221;<br />
As unfortunately, the number of participants is restricted, we ask you to only sign up if you wanna come for sure.</p>
<p><strong>Language</strong>: Some contributions in the booklet are written in German, others in English. The event will be held in (acoustic) German with translation to (acoustic) English.</p>
<p><strong>Fees</strong>: Participation is free of charge.</p>
<p><strong>Space</strong>: The Space (including bathrooms) is not accessible for wheelchars. The space is accessed via stairs (10 steps).</p>
<p><strong>Covid-Measures</strong>:<br />
We ask you (regardless of vaccination or recovery from covid) to do a (self) test on the day of the event. We will povide a small numbe of self tests on site for those who dont have any other opportunities to get tested.<br />
We ask you to wear masks if you can.</p>
<p>If you have questions about the accessability of the event, please email inter@transinterqueer.org or call 01788059389.</p>
<p>In case the event has to be cancelled due to covid, we&#8217;ll let you know as soon as possible.</p>
<p>Looking forward!</p>
