{"id":4428,"date":"2024-08-19T13:01:01","date_gmt":"2024-08-19T11:01:01","guid":{"rendered":"https:\/\/casa-kua.com\/?post_type=tribe_events&#038;p=4428"},"modified":"2024-08-19T13:02:04","modified_gmt":"2024-08-19T11:02:04","slug":"collective-rest-resistances-reimaginings","status":"publish","type":"tribe_events","link":"https:\/\/casa-kua.com\/de\/event\/collective-rest-resistances-reimaginings\/","title":{"rendered":"Collective Rest, Resistances &#038; Reimaginings"},"content":{"rendered":"<div id=\"magicdomid62\" class=\"ace-line\" aria-live=\"assertive\"><span class=\"author-a-3z81zfz88z2iz76zvoz70zz122zfz73z3z75z1\">(ENG) german below<br \/>\n<\/span><\/div>\n<div class=\"ace-line\" aria-live=\"assertive\"><span class=\"author-a-3z81zfz88z2iz76zvoz70zz122zfz73z3z75z1\">In times that often demand our resilience and constant output,<\/span> <span class=\"author-a-3z81zfz88z2iz76zvoz70zz122zfz73z3z75z1\">and times of radical change and uncertainty the need for rest and collective reimagining has never been more crucial. Together we as Gladt, Casa Ku\u00e1 and LesMigraS would like you to join us for a weekend of connection, creativity, and community as we gather to explore the themes of rest, resistance, and the reimagining of our times and spaces. <\/span><span class=\"author-a-z66zz69zz65zhz122z0z66z2z81zvz71zwcz79zvl\">The weekend will consist of a collection of Workshops,<\/span><span class=\"author-a-3z81zfz88z2iz76zvoz70zz122zfz73z3z75z1\">discussions,<\/span><span class=\"author-a-z66zz69zz65zhz122z0z66z2z81zvz71zwcz79zvl\"> Meals together, as well as art and music etc. We look forward to having you there.<\/span><\/div>\n<div id=\"magicdomid63\" class=\"ace-line\" aria-live=\"assertive\"><\/div>\n<div id=\"magicdomid64\" class=\"ace-line\" aria-live=\"assertive\"><span class=\"author-a-3z81zfz88z2iz76zvoz70zz122zfz73z3z75z1\">When:<\/span><\/div>\n<div id=\"magicdomid65\" class=\"ace-line\" aria-live=\"assertive\"><span class=\"author-a-3z81zfz88z2iz76zvoz70zz122zfz73z3z75z1\">14.09.2024 12Uhr &#8211; 20Uhr<\/span><\/div>\n<div id=\"magicdomid66\" class=\"ace-line\" aria-live=\"assertive\"><span class=\"author-a-3z81zfz88z2iz76zvoz70zz122zfz73z3z75z1\">15.09.2024 13Uhr &#8211; 20Uhr<\/span><\/div>\n<div id=\"magicdomid67\" class=\"ace-line\" aria-live=\"assertive\"><\/div>\n<div id=\"magicdomid68\" class=\"ace-line\" aria-live=\"assertive\"><span class=\"author-a-3z81zfz88z2iz76zvoz70zz122zfz73z3z75z1\">Where: GLADT e.V.. L\u00fctzowstra\u00dfe 28 10785 Berlin. (Rollstuhlzug\u00e4nglich)<\/span><\/div>\n<div id=\"magicdomid69\" class=\"ace-line\" aria-live=\"assertive\"><span class=\"author-a-3z81zfz88z2iz76zvoz70zz122zfz73z3z75z1\">Bus M29 M85<\/span><\/div>\n<div id=\"magicdomid70\" class=\"ace-line\" aria-live=\"assertive\"><span class=\"author-a-3z81zfz88z2iz76zvoz70zz122zfz73z3z75z1\">Train U3 U1<\/span><\/div>\n<div id=\"magicdomid71\" class=\"ace-line\" aria-live=\"assertive\"><\/div>\n<div id=\"magicdomid72\" class=\"ace-line\" aria-live=\"assertive\"><span class=\"author-a-qz86z2z69zz71zz74zm3wcz88zdz70zmbz71z\">The communication will be mainly in english and german<\/span><span class=\"author-a-3z81zfz88z2iz76zvoz70zz122zfz73z3z75z1\"> spoken language<\/span><span class=\"author-a-qz86z2z69zz71zz74zm3wcz88zdz70zmbz71z\">. Because of capacity limitations we can&#8217;t provide external interpreters. Translation will be organised as a shared task within the space. Many of the facilitators and organisers speak different languages (castellano, french, farsi, etc.). Do not forget to mention your language needs in the form so we can organise support.<\/span><\/div>\n<div id=\"magicdomid73\" class=\"ace-line\" aria-live=\"assertive\"><\/div>\n<div id=\"magicdomid74\" class=\"ace-line\" aria-live=\"assertive\"><span class=\"author-a-qz86z2z69zz71zz74zm3wcz88zdz70zmbz71z\">The space we are located in is wheelchair accessible and has floor guidance system (Bodenleitsystem). Let us know if there is further accessibility issues you&#8217;d need assistance with.<\/span><\/div>\n<div id=\"magicdomid75\" class=\"ace-line\" aria-live=\"assertive\"><\/div>\n<div id=\"magicdomid76\" class=\"ace-line\" aria-live=\"assertive\"><span class=\"author-a-qz86z2z69zz71zz74zm3wcz88zdz70zmbz71z\">This is a sober event so please be respectful and mindful about the people and the space you will be sharing.\u00a0<\/span><\/div>\n<div id=\"magicdomid77\" class=\"ace-line\" aria-live=\"assertive\"><span class=\"author-a-qz86z2z69zz71zz74zm3wcz88zdz70zmbz71z\">The space is not completely isolated so there is a possibility that non-queer non-BIPOC people can pass by<\/span><span class=\"author-a-3z81zfz88z2iz76zvoz70zz122zfz73z3z75z1\"> but not be in the actual event<\/span><span class=\"author-a-qz86z2z69zz71zz74zm3wcz88zdz70zmbz71z\">.<\/span><\/div>\n<div id=\"magicdomid79\" class=\"ace-line\" aria-live=\"assertive\"><\/div>\n<div id=\"magicdomid80\" class=\"ace-line\" aria-live=\"assertive\"><span class=\"author-a-qz86z2z69zz71zz74zm3wcz88zdz70zmbz71z\">Attendance is based on a negative Covid test before arrival. Fully vaccinated and boosted should also still get tested.<\/span><span class=\"author-a-3z81zfz88z2iz76zvoz70zz122zfz73z3z75z1\">\u00a0<\/span><\/div>\n<div id=\"magicdomid81\" class=\"ace-line\" aria-live=\"assertive\"><span class=\"author-a-3z81zfz88z2iz76zvoz70zz122zfz73z3z75z1\">We will provide extra Covid-19 measures for specific tasks.<\/span><\/div>\n<div id=\"magicdomid82\" class=\"ace-line\" aria-live=\"assertive\"><span class=\"author-a-3z81zfz88z2iz76zvoz70zz122zfz73z3z75z1\">A mask should be worn when serving food.<\/span><\/div>\n<div id=\"magicdomid84\" class=\"ace-line\" aria-live=\"assertive\"><\/div>\n<div id=\"magicdomid85\" class=\"ace-line\" aria-live=\"assertive\"><span class=\"author-a-qz86z2z69zz71zz74zm3wcz88zdz70zmbz71z\">(DE)<\/span><\/div>\n<div id=\"magicdomid87\" class=\"ace-line\" aria-live=\"assertive\"><span class=\"author-a-qz86z2z69zz71zz74zm3wcz88zdz70zmbz71z\">In Zeiten, die oft unsere Belastbarkeit und st\u00e4ndige Leistung fordern, und in Zeiten des radikalen Wandels und der Ungewissheit war das Bed\u00fcrfnis nach Ruhe und kollektiver Neugestaltung noch nie so wichtig wie heute. Wir, Gladt, Casa Ku\u00e1 und LesMigraS, m\u00f6chten euch zu einem Wochenende der N\u00e4he, Kreativit\u00e4t und Gemeinschaft einladen, an dem wir uns mit den Themen Ruhe, Widerstand und der Neugestaltung unserer Zeit und unserer R\u00e4ume besch\u00e4ftigen. Das Wochenende wird aus einer Reihe von Workshops, Diskussionen, gemeinsamen Mahlzeiten sowie Kunst und Musik usw. bestehen. Wir freuen uns darauf, euch dort zu haben.<\/span><\/div>\n<div id=\"magicdomid88\" class=\"ace-line\" aria-live=\"assertive\"><\/div>\n<div id=\"magicdomid89\" class=\"ace-line\" aria-live=\"assertive\"><span class=\"author-a-qz86z2z69zz71zz74zm3wcz88zdz70zmbz71z\">Die Kommunikation wird haupts\u00e4chlich in englischer und deutscher Sprache stattfinden. Aus Kapazit\u00e4tsgr\u00fcnden k\u00f6nnen wir keine externen Dolmetscher zur Verf\u00fcgung stellen. Die \u00dcbersetzung wird als gemeinsame Aufgabe innerhalb des Raumes organisiert. Viele der Moderator*innen und Organisator*innen sprechen verschiedene Sprachen (castellano, franz\u00f6sisch, farsi, etc.). Vergesst nicht, euren Sprachbedarf in dem Formular anzugeben, damit wir Unterst\u00fctzung organisieren k\u00f6nnen.<\/span><\/div>\n<div id=\"magicdomid90\" class=\"ace-line\" aria-live=\"assertive\"><\/div>\n<div id=\"magicdomid91\" class=\"ace-line\" aria-live=\"assertive\"><span class=\"author-a-qz86z2z69zz71zz74zm3wcz88zdz70zmbz71z\">Der Raum, in dem wir uns befinden, ist f\u00fcr Rollstuhlfahrer*innen zug\u00e4nglich und verf\u00fcgt \u00fcber ein Bodenleitsystem. Lasst uns wissen, wenn ihr Unterst\u00fctzung bei der Zug\u00e4nglichkeit ben\u00f6tigt.<\/span><\/div>\n<div id=\"magicdomid92\" class=\"ace-line\" aria-live=\"assertive\"><\/div>\n<div id=\"magicdomid93\" class=\"ace-line\" aria-live=\"assertive\"><span class=\"author-a-qz86z2z69zz71zz74zm3wcz88zdz70zmbz71z\">Dies ist eine n\u00fcchterne Veranstaltung, also seid bitte respektvoll und achtsam gegen\u00fcber den Menschen und dem Raum, den ihr mit uns teilen werdet.\u00a0<\/span><\/div>\n<div id=\"magicdomid94\" class=\"ace-line\" aria-live=\"assertive\"><span class=\"author-a-qz86z2z69zz71zz74zm3wcz88zdz70zmbz71z\">Der Raum ist nicht vollst\u00e4ndig isoliert, so dass die M\u00f6glichkeit besteht, dass nicht-queere Nicht-BIPOC-Personen vorbeikommen, aber nicht an der eigentlichen Veranstaltung teilnehmen k\u00f6nnen.<\/span><\/div>\n<div id=\"magicdomid95\" class=\"ace-line\" aria-live=\"assertive\"><\/div>\n<div id=\"magicdomid96\" class=\"ace-line\" aria-live=\"assertive\"><span class=\"author-a-qz86z2z69zz71zz74zm3wcz88zdz70zmbz71z\">Voraussetzung f\u00fcr die Teilnahme ist ein negativer Covid-Test vor der Ankunft. Vollst\u00e4ndig geimpfte und geboostete Personen sollten sich ebenfalls testen lassen.\u00a0<\/span><\/div>\n<div id=\"magicdomid97\" class=\"ace-line\" aria-live=\"assertive\"><span class=\"author-a-qz86z2z69zz71zz74zm3wcz88zdz70zmbz71z\">Wir werden zus\u00e4tzliche Covid-19-Ma\u00dfnahmen f\u00fcr bestimmte Aufgaben bereitstellen.<\/span><\/div>\n<div id=\"magicdomid98\" class=\"ace-line\" aria-live=\"assertive\"><span class=\"author-a-qz86z2z69zz71zz74zm3wcz88zdz70zmbz71z\">Bei der Essensausgabe sollte eine Maske getragen werden.<\/span><\/div>\n<div id=\"magicdomid99\" class=\"ace-line\" aria-live=\"assertive\"><\/div>\n<div id=\"magicdomid100\" class=\"ace-line\" aria-live=\"assertive\"><span class=\"author-a-qz86z2z69zz71zz74zm3wcz88zdz70zmbz71z\">Wann:<\/span><\/div>\n<div id=\"magicdomid101\" class=\"ace-line\" aria-live=\"assertive\"><span class=\"author-a-qz86z2z69zz71zz74zm3wcz88zdz70zmbz71z\">14.09.2024 12Uhr &#8211; 20Uhr<\/span><\/div>\n<div id=\"magicdomid102\" class=\"ace-line\" aria-live=\"assertive\"><span class=\"author-a-qz86z2z69zz71zz74zm3wcz88zdz70zmbz71z\">15.09.2024 13Uhr &#8211; 20Uhr<\/span><\/div>\n<div id=\"magicdomid103\" class=\"ace-line\" aria-live=\"assertive\"><\/div>\n<div id=\"magicdomid104\" class=\"ace-line\" aria-live=\"assertive\"><span class=\"author-a-qz86z2z69zz71zz74zm3wcz88zdz70zmbz71z\">Wo: GLADT e.V.. L\u00fctzowstra\u00dfe 28 10785 Berlin. (Rollstuhlzug\u00e4nglich)<\/span><\/div>\n<div id=\"magicdomid105\" class=\"ace-line\" aria-live=\"assertive\"><span class=\"author-a-qz86z2z69zz71zz74zm3wcz88zdz70zmbz71z\">Bus M29 M85<\/span><\/div>\n<div id=\"magicdomid106\" class=\"ace-line\" aria-live=\"assertive\"><span class=\"author-a-qz86z2z69zz71zz74zm3wcz88zdz70zmbz71z\">Zug U3 U1<\/span><\/div>\n<div id=\"magicdomid107\" class=\"ace-line\" aria-live=\"assertive\"><\/div>","protected":false},"excerpt":{"rendered":"<p>(ENG) german below In times that often demand our resilience and constant output, and times of radical change and uncertainty the need for rest and collective reimagining has never been [&hellip;]<\/p>\n","protected":false},"author":2,"featured_media":0,"template":"","meta":{"_acf_changed":false,"nf_dc_page":"","_monsterinsights_skip_tracking":false,"_monsterinsights_sitenote_active":false,"_monsterinsights_sitenote_note":"","_monsterinsights_sitenote_category":0,"_tribe_events_status":"","_tribe_events_status_reason":"","footnotes":""},"tags":[],"tribe_events_cat":[],"class_list":["post-4428","tribe_events","type-tribe_events","status-publish","hentry"],"acf":[],"jetpack_sharing_enabled":true,"_links":{"self":[{"href":"https:\/\/casa-kua.com\/de\/wp-json\/wp\/v2\/tribe_events\/4428","targetHints":{"allow":["GET"]}}],"collection":[{"href":"https:\/\/casa-kua.com\/de\/wp-json\/wp\/v2\/tribe_events"}],"about":[{"href":"https:\/\/casa-kua.com\/de\/wp-json\/wp\/v2\/types\/tribe_events"}],"author":[{"embeddable":true,"href":"https:\/\/casa-kua.com\/de\/wp-json\/wp\/v2\/users\/2"}],"version-history":[{"count":1,"href":"https:\/\/casa-kua.com\/de\/wp-json\/wp\/v2\/tribe_events\/4428\/revisions"}],"predecessor-version":[{"id":4429,"href":"https:\/\/casa-kua.com\/de\/wp-json\/wp\/v2\/tribe_events\/4428\/revisions\/4429"}],"wp:attachment":[{"href":"https:\/\/casa-kua.com\/de\/wp-json\/wp\/v2\/media?parent=4428"}],"wp:term":[{"taxonomy":"post_tag","embeddable":true,"href":"https:\/\/casa-kua.com\/de\/wp-json\/wp\/v2\/tags?post=4428"},{"taxonomy":"tribe_events_cat","embeddable":true,"href":"https:\/\/casa-kua.com\/de\/wp-json\/wp\/v2\/tribe_events_cat?post=4428"}],"curies":[{"name":"wp","href":"https:\/\/api.w.org\/{rel}","templated":true}]}}

<div id="magicdomid62" class="ace-line" aria-live="assertive"><span class="author-a-3z81zfz88z2iz76zvoz70zz122zfz73z3z75z1">(ENG) german below<br />
</span></div>
<div class="ace-line" aria-live="assertive"><span class="author-a-3z81zfz88z2iz76zvoz70zz122zfz73z3z75z1">In times that often demand our resilience and constant output,</span> <span class="author-a-3z81zfz88z2iz76zvoz70zz122zfz73z3z75z1">and times of radical change and uncertainty the need for rest and collective reimagining has never been more crucial. Together we as Gladt, Casa Kuá and LesMigraS would like you to join us for a weekend of connection, creativity, and community as we gather to explore the themes of rest, resistance, and the reimagining of our times and spaces. </span><span class="author-a-z66zz69zz65zhz122z0z66z2z81zvz71zwcz79zvl">The weekend will consist of a collection of Workshops,</span><span class="author-a-3z81zfz88z2iz76zvoz70zz122zfz73z3z75z1">discussions,</span><span class="author-a-z66zz69zz65zhz122z0z66z2z81zvz71zwcz79zvl"> Meals together, as well as art and music etc. We look forward to having you there.</span></div>
<div id="magicdomid63" class="ace-line" aria-live="assertive"></div>
<div id="magicdomid64" class="ace-line" aria-live="assertive"><span class="author-a-3z81zfz88z2iz76zvoz70zz122zfz73z3z75z1">When:</span></div>
<div id="magicdomid65" class="ace-line" aria-live="assertive"><span class="author-a-3z81zfz88z2iz76zvoz70zz122zfz73z3z75z1">14.09.2024 12Uhr &#8211; 20Uhr</span></div>
<div id="magicdomid66" class="ace-line" aria-live="assertive"><span class="author-a-3z81zfz88z2iz76zvoz70zz122zfz73z3z75z1">15.09.2024 13Uhr &#8211; 20Uhr</span></div>
<div id="magicdomid67" class="ace-line" aria-live="assertive"></div>
<div id="magicdomid68" class="ace-line" aria-live="assertive"><span class="author-a-3z81zfz88z2iz76zvoz70zz122zfz73z3z75z1">Where: GLADT e.V.. Lützowstraße 28 10785 Berlin. (Rollstuhlzugänglich)</span></div>
<div id="magicdomid69" class="ace-line" aria-live="assertive"><span class="author-a-3z81zfz88z2iz76zvoz70zz122zfz73z3z75z1">Bus M29 M85</span></div>
<div id="magicdomid70" class="ace-line" aria-live="assertive"><span class="author-a-3z81zfz88z2iz76zvoz70zz122zfz73z3z75z1">Train U3 U1</span></div>
<div id="magicdomid71" class="ace-line" aria-live="assertive"></div>
<div id="magicdomid72" class="ace-line" aria-live="assertive"><span class="author-a-qz86z2z69zz71zz74zm3wcz88zdz70zmbz71z">The communication will be mainly in english and german</span><span class="author-a-3z81zfz88z2iz76zvoz70zz122zfz73z3z75z1"> spoken language</span><span class="author-a-qz86z2z69zz71zz74zm3wcz88zdz70zmbz71z">. Because of capacity limitations we can&#8217;t provide external interpreters. Translation will be organised as a shared task within the space. Many of the facilitators and organisers speak different languages (castellano, french, farsi, etc.). Do not forget to mention your language needs in the form so we can organise support.</span></div>
<div id="magicdomid73" class="ace-line" aria-live="assertive"></div>
<div id="magicdomid74" class="ace-line" aria-live="assertive"><span class="author-a-qz86z2z69zz71zz74zm3wcz88zdz70zmbz71z">The space we are located in is wheelchair accessible and has floor guidance system (Bodenleitsystem). Let us know if there is further accessibility issues you&#8217;d need assistance with.</span></div>
<div id="magicdomid75" class="ace-line" aria-live="assertive"></div>
<div id="magicdomid76" class="ace-line" aria-live="assertive"><span class="author-a-qz86z2z69zz71zz74zm3wcz88zdz70zmbz71z">This is a sober event so please be respectful and mindful about the people and the space you will be sharing. </span></div>
<div id="magicdomid77" class="ace-line" aria-live="assertive"><span class="author-a-qz86z2z69zz71zz74zm3wcz88zdz70zmbz71z">The space is not completely isolated so there is a possibility that non-queer non-BIPOC people can pass by</span><span class="author-a-3z81zfz88z2iz76zvoz70zz122zfz73z3z75z1"> but not be in the actual event</span><span class="author-a-qz86z2z69zz71zz74zm3wcz88zdz70zmbz71z">.</span></div>
<div id="magicdomid79" class="ace-line" aria-live="assertive"></div>
<div id="magicdomid80" class="ace-line" aria-live="assertive"><span class="author-a-qz86z2z69zz71zz74zm3wcz88zdz70zmbz71z">Attendance is based on a negative Covid test before arrival. Fully vaccinated and boosted should also still get tested.</span><span class="author-a-3z81zfz88z2iz76zvoz70zz122zfz73z3z75z1"> </span></div>
<div id="magicdomid81" class="ace-line" aria-live="assertive"><span class="author-a-3z81zfz88z2iz76zvoz70zz122zfz73z3z75z1">We will provide extra Covid-19 measures for specific tasks.</span></div>
<div id="magicdomid82" class="ace-line" aria-live="assertive"><span class="author-a-3z81zfz88z2iz76zvoz70zz122zfz73z3z75z1">A mask should be worn when serving food.</span></div>
<div id="magicdomid84" class="ace-line" aria-live="assertive"></div>
<div id="magicdomid85" class="ace-line" aria-live="assertive"><span class="author-a-qz86z2z69zz71zz74zm3wcz88zdz70zmbz71z">(DE)</span></div>
<div id="magicdomid87" class="ace-line" aria-live="assertive"><span class="author-a-qz86z2z69zz71zz74zm3wcz88zdz70zmbz71z">In Zeiten, die oft unsere Belastbarkeit und ständige Leistung fordern, und in Zeiten des radikalen Wandels und der Ungewissheit war das Bedürfnis nach Ruhe und kollektiver Neugestaltung noch nie so wichtig wie heute. Wir, Gladt, Casa Kuá und LesMigraS, möchten euch zu einem Wochenende der Nähe, Kreativität und Gemeinschaft einladen, an dem wir uns mit den Themen Ruhe, Widerstand und der Neugestaltung unserer Zeit und unserer Räume beschäftigen. Das Wochenende wird aus einer Reihe von Workshops, Diskussionen, gemeinsamen Mahlzeiten sowie Kunst und Musik usw. bestehen. Wir freuen uns darauf, euch dort zu haben.</span></div>
<div id="magicdomid88" class="ace-line" aria-live="assertive"></div>
<div id="magicdomid89" class="ace-line" aria-live="assertive"><span class="author-a-qz86z2z69zz71zz74zm3wcz88zdz70zmbz71z">Die Kommunikation wird hauptsächlich in englischer und deutscher Sprache stattfinden. Aus Kapazitätsgründen können wir keine externen Dolmetscher zur Verfügung stellen. Die Übersetzung wird als gemeinsame Aufgabe innerhalb des Raumes organisiert. Viele der Moderator*innen und Organisator*innen sprechen verschiedene Sprachen (castellano, französisch, farsi, etc.). Vergesst nicht, euren Sprachbedarf in dem Formular anzugeben, damit wir Unterstützung organisieren können.</span></div>
<div id="magicdomid90" class="ace-line" aria-live="assertive"></div>
<div id="magicdomid91" class="ace-line" aria-live="assertive"><span class="author-a-qz86z2z69zz71zz74zm3wcz88zdz70zmbz71z">Der Raum, in dem wir uns befinden, ist für Rollstuhlfahrer*innen zugänglich und verfügt über ein Bodenleitsystem. Lasst uns wissen, wenn ihr Unterstützung bei der Zugänglichkeit benötigt.</span></div>
<div id="magicdomid92" class="ace-line" aria-live="assertive"></div>
<div id="magicdomid93" class="ace-line" aria-live="assertive"><span class="author-a-qz86z2z69zz71zz74zm3wcz88zdz70zmbz71z">Dies ist eine nüchterne Veranstaltung, also seid bitte respektvoll und achtsam gegenüber den Menschen und dem Raum, den ihr mit uns teilen werdet. </span></div>
<div id="magicdomid94" class="ace-line" aria-live="assertive"><span class="author-a-qz86z2z69zz71zz74zm3wcz88zdz70zmbz71z">Der Raum ist nicht vollständig isoliert, so dass die Möglichkeit besteht, dass nicht-queere Nicht-BIPOC-Personen vorbeikommen, aber nicht an der eigentlichen Veranstaltung teilnehmen können.</span></div>
<div id="magicdomid95" class="ace-line" aria-live="assertive"></div>
<div id="magicdomid96" class="ace-line" aria-live="assertive"><span class="author-a-qz86z2z69zz71zz74zm3wcz88zdz70zmbz71z">Voraussetzung für die Teilnahme ist ein negativer Covid-Test vor der Ankunft. Vollständig geimpfte und geboostete Personen sollten sich ebenfalls testen lassen. </span></div>
<div id="magicdomid97" class="ace-line" aria-live="assertive"><span class="author-a-qz86z2z69zz71zz74zm3wcz88zdz70zmbz71z">Wir werden zusätzliche Covid-19-Maßnahmen für bestimmte Aufgaben bereitstellen.</span></div>
<div id="magicdomid98" class="ace-line" aria-live="assertive"><span class="author-a-qz86z2z69zz71zz74zm3wcz88zdz70zmbz71z">Bei der Essensausgabe sollte eine Maske getragen werden.</span></div>
<div id="magicdomid99" class="ace-line" aria-live="assertive"></div>
<div id="magicdomid100" class="ace-line" aria-live="assertive"><span class="author-a-qz86z2z69zz71zz74zm3wcz88zdz70zmbz71z">Wann:</span></div>
<div id="magicdomid101" class="ace-line" aria-live="assertive"><span class="author-a-qz86z2z69zz71zz74zm3wcz88zdz70zmbz71z">14.09.2024 12Uhr &#8211; 20Uhr</span></div>
<div id="magicdomid102" class="ace-line" aria-live="assertive"><span class="author-a-qz86z2z69zz71zz74zm3wcz88zdz70zmbz71z">15.09.2024 13Uhr &#8211; 20Uhr</span></div>
<div id="magicdomid103" class="ace-line" aria-live="assertive"></div>
<div id="magicdomid104" class="ace-line" aria-live="assertive"><span class="author-a-qz86z2z69zz71zz74zm3wcz88zdz70zmbz71z">Wo: GLADT e.V.. Lützowstraße 28 10785 Berlin. (Rollstuhlzugänglich)</span></div>
<div id="magicdomid105" class="ace-line" aria-live="assertive"><span class="author-a-qz86z2z69zz71zz74zm3wcz88zdz70zmbz71z">Bus M29 M85</span></div>
<div id="magicdomid106" class="ace-line" aria-live="assertive"><span class="author-a-qz86z2z69zz71zz74zm3wcz88zdz70zmbz71z">Zug U3 U1</span></div>
<div id="magicdomid107" class="ace-line" aria-live="assertive"></div>
